d 497.
71
Calculate the highest common divisor of 351 and 11913543.
9
Calculate the highest common factor of 371950056 and 14094.
4698
What is the highest common factor of 5705551 and 6894?
383
What is the highest common divisor of 851895 and 6765?
165
What is the greatest common factor of 55727079 and 12741?
411
Calculate the greatest common divisor of 1777391 and 142967.
451
Calculate the greatest common factor of 105 and 41757681.
21
Calculate the greatest common factor of 552544772 and 21112.
1508
What is the highest common factor of 3893246 and 5096?
98
What is the greatest common divisor of 116 and 5816327?
29
What is the highest common divisor of 52071 and 1560?
3
What is the greatest common factor of 8 and 280600224?
8
What is the greatest common divisor of 7 and 4726309?
7
What is the greatest common factor of 50411988 and 72846?
1278
What is the greatest common divisor of 393100 and 782600?
100
Calculate the highest common divisor of 2980 and 520164364.
596
Calculate the greatest common factor of 900 and 151811676.
36
What is the greatest common divisor of 1930 and 81446?
386
Calculate the greatest common divisor of 14620977 and 588.
21
Calculate the highest common factor of 9562 and 22491190.
1366
Calculate the greatest common divisor of 2561 and 6324685.
197
What is the greatest common divisor of 368 and 74032768?
368
What is the greatest common factor of 6536498 and 20978?
1234
What is the greatest common divisor of 205944 and 3368?
8
Calculate the greatest common factor of 163 and 125184163.
163
Calculate the greatest common factor of 54332327 and 147.
49
Calculate the greatest common divisor of 28384 and 12810941.
887
What is the highest common factor of 1752 and 20445402?
438
Calculate the greatest common factor of 66528712 and 32.
8
What is the greatest common factor of 30020 and 45020?
20
What is the highest common factor of 143 and 266466629?
143
What is the greatest common factor of 144105 and 2509?
13
Calculate the greatest common divisor of 9290 and 2180558090.
9290
Calculate the highest common divisor of 27366453 and 781.
71
Calculate the greatest common divisor of 2492115 and 113390.
2465
Calculate the greatest common factor of 1591817902 and 2162.
2162
Calculate the highest common factor of 406 and 257595226.
406
Calculate the greatest common divisor of 90427588 and 1136.
284
What is the highest common divisor of 216083126 and 1526?
1526
What is the highest common factor of 7757045 and 9149?
1307
What is the greatest common factor of 384 and 23264448?
192
What is the greatest common factor of 180563296 and 94176?
3488
Calculate the highest common divisor of 63566444 and 3700.
148
What is the greatest common divisor of 7095 and 290675?
55
Calculate the highest common factor of 37700618 and 8766.
974
Calculate the highest common factor of 168 and 7106708.
28
Calculate the highest common factor of 428400 and 1012350.
2550
Calculate the greatest common factor of 424698 and 366.
6
Calculate the greatest common divisor of 417077 and 637710.
733
Calculate the highest common divisor of 100215 and 41920.
655
What is the highest common factor of 2496956 and 552013?
5159
What is the highest common factor of 3755 and 15705?
5
What is the greatest common factor of 116 and 23632883?
29
What is the highest common divisor of 149928 and 7716?
12
Calculate the greatest common factor of 19115582 and 16762.
986
Calculate the highest common factor of 381593 and 38847.
23
What is the highest common divisor of 126338258 and 6416?
802
Calculate the greatest common factor of 4308 and 367764.
12
Calculate the highest common divisor of 70075 and 5468653.
2803
Calculate the greatest common divisor of 190802 and 5.
1
What is the highest common divisor of 1820 and 261763320?
1820
What is the greatest common divisor of 40355 and 84910?
35
What is the highest common factor of 99174350 and 275?
275
What is the highest common divisor of 24 and 11576504?
8
Calculate the greatest common factor of 123743 and 2051953.
29
What is the highest common factor of 870426 and 517798?
398
Calculate the greatest common divisor of 918 and 124505127.
459
What is the greatest common divisor of 17 and 736874112?
17
Calculate the greatest common divisor of 7331528 and 8.
8
Calculate the greatest common factor of 22671 and 812130.
33
Calculate the greatest common factor of 3832257 and 1001.
143
What is the highest common factor of 50533284 and 24?
12
Calculate the highest common factor of 12473390 and 160.
10
Calculate the highest common divisor of 3110151 and 158.
79
What is the highest common divisor of 28116334 and 18262?
794
Calculate the highest common factor of 8452 and 40886550.
4226
What is the greatest common divisor of 11206601 and 1864?
233
What is the highest common divisor of 144 and 15363396?
36
What is the greatest common divisor of 347458918 and 261?
29
What is the greatest common factor of 358566 and 38298?
78
Calculate the greatest common factor of 192 and 189065592.
24
Calculate the greatest common factor of 104 and 2352640.
8
What is the greatest common divisor of 4701080 and 1600?
40
Calculate the highest common divisor of 113428980 and 756.
252
What is the highest common divisor of 16948 and 7112726?
38
What is the highest common factor of 615545 and 3568355?
1505
Calculate the greatest common divisor of 1964 and 149718666.
982
Calculate the highest common factor of 2009018245 and 130.
65
What is the greatest common divisor of 35154 and 295785?
189
What is the greatest common factor of 13615 and 251685?
35
What is the highest common divisor of 122259796 and 1502?
1502
What is the greatest common factor of 48488515 and 3265?
3265
What is the highest common factor of 36111642 and 12?
6
What is the greatest common factor of 143 and 414469?
11
What is the greatest common divisor of 2061739 and 949?
73
Calculate the greatest common divisor of 30339133 and 319.
319
Calculate the greatest common factor of 936 and 739656.
72
What is the highest common divisor of 1106 and 712817?
553
Calculate the highest common factor of 3424383 and 212.
53
Calculate the greatest common factor of 749 and 6209.
7
What is the greatest common factor of 120 and 32507112?
24
Calculate the greatest common factor of 36 and 3038964.
12
What is the greatest common divisor of 800 and 317522550?
50
What is the highest common factor of 145222 and 1963654?
6314
Calculate the highest common factor of 213228 and 1665.
9
What is the highest common factor of 7609826 and 46?
46
Calculate the highest common divisor of 594 and 7738808.
22
What is the greatest common factor of 943 and 596509?
41
Calculate the highest common divisor of 432 and 1252638.
54
What is the highest common divisor of 13783248 and 128?
16
What is the highest common divisor of 812505 and 60?
15
Calculate the greatest common divisor of 492845 and 130140.
1205
Calculate the greatest common factor of 13968 and 14638270.
194
What is the greatest common divisor of 1349 and 788006?
19
What is the greatest common divisor of 15562 and 3054670?
502
Calculate the highest common divisor of 101841 and 341877.
249
What is the greatest common factor of 47820 and 802020?
60
What is the highest common divisor of 289 and 1889907?
17
Calculate the greatest common factor of 20251 and 56767235.
1841
What is the highest common factor of 4730 and 2659550?
430
What is the highest common divisor of 12 and 16023324?
12
Calculate the highest common divisor of 106426 and 372237.
127
Calculate the greatest common divisor of 5320696 and 312.
8
What is the greatest common factor of 249542 and 18?
2
What is the greatest common factor of 8397 and 910608?
933
Calculate the highest common factor of 1891 and 633671.
31
What is the greatest common factor of 332 and 69965348?
332
What is the highest common divisor of 234 and 1860282?
18
Calculate the greatest common factor of 18993704 and 56.
8
Calculate the highest common factor of 399425 and 18135.
65
What is the greatest common divisor of 58032 and 4050956?
1612
What is the highest common factor of 460136790 and 20?
10
Calculate the greatest common factor of 37658 and 26562.
38
What is the greatest common factor of 1109 and 512085186?
1109
What is the greatest common divisor of 4128 and 4441384?
344
W